- -828)?
-8
What is the value of -7 - (9 - 8 - 30)?
22
What is the value of 3 + (-4 - 10) + 10?
-1
What is the value of -6 + (-19 - (-9 + 28 + -28))?
-16
Calculate -54 - ((-11 - -47) + -78).
-12
What is -10 + 0 + -2 + -7 - 0?
-19
-9 - (6 + (4 - (-7 + 13) - 2))
-11
Evaluate (2 - 2 - -8) + (53 - 44).
17
-1 - (-12 + 5 + (12 - 7))
1
What is the value of 17 + -11 + (-8 - -4)?
2
Calculate (175 - 195) + -1 + 12 + (-5 - -12).
-2
What is 1 + 0 + -12 - (6 - (26 + -21))?
-12
Evaluate 24 + -11 + -3 + (3 - 6) + -14.
-7
Evaluate -7 + (3 - -4) - 8 - -17.
9
What is the value of 1 + (-4 - -3) + 1 + -7 + -1?
-7
Evaluate -10 + 25 + (-13 - 5).
-3
Calculate (57 - 59) + (-3 - 2).
-7
Evaluate -20 - (-42 + 13) - (-3 + -6).
18
Calculate (2 - (4 + -7)) + 32 + -58.
-21
Calculate (-2 - 10) + -259 + 286.
15
What is -4 - (-3 + 1 + 6 + -12 - -10)?
-6
8 - (1 + 11 + -2)
-2
What is the value of 18 - 6 - 10 - -4?
6
Evaluate (17 - 1 - (44 + -37)) + -6.
3
What is the value of 15 + (-9 - -2) + (1 - -13) + -6?
16
(1 - ((0 - -5) + 0)) + (5 - 9)
-8
Evaluate -7 - (-8 + (-5 + 14 - -1)).
-9
Calculate -7 - -11 - 7 - (1 - -3).
-7
What is 15 + (7 - 3) + -11 + -9 + 19?
18
(13 - 2) + (-16 + 1 - 2) + 18
12
What is (-13 - (10 + -32)) + 1?
10
Evaluate 1 + 37 + 4 + -2 + -16.
24
(-185 - -186) + 10 + 2
13
-3 + -5 + 109 + -109
-8
What is the value of 17 + -16 + (3 - -5) + 0?
9
Evaluate -14 + 1 - (32 + (0 - 18) + -22).
-5
What is the value of (3 - (0 + -11)) + (0 - 4)?
10
What is (0 - -1) + 4 + -17?
-12
Calculate -7 + 0 + (-12 - (-2 + -7)).
-10
What is the value of 6 - (0 + -11 - (1 - 5) - 0)?
13
What is 41 + 12 + -25 + -42?
-14
What is -12 - (-16 + 13 - -3)?
-12
Evaluate -16 + -11 + (12 - -2).
-13
Evaluate 2 + 12 - (-18 + (13 + 19 - 3)).
3
(22 - 7) + -31 - -16
0
Evaluate 7 - (-9 + 6 - 2) - (9 - 2).
5
Evaluate -25 + (-13 - -41) - (-7 + (0 - -1)).
9
Evaluate (4 + (-5 - 1) - 1 - 7) + -2.
-12
What is (1 - 1) + -3 + (3 - (9 + -5))?
-4
What is 0 - 1 - (16 - 5 - (85 + -82))?
-9
-5 + -4 + 4 - (-9 + 5 - 3)
2
What is the value of -19 + (-19 - -32) + (2 - -4) - -22?
22
-1 + 19 - (17 + 6)
-5
What is the value of 20 + -9 + 5 - 30?
-14
Calculate 47 - 50 - (-7 - -2).
2
What is 1 + -6 - (8 - (4 + 9))?
0
Calculate 17 - (41 + -25 + (-9 - -2)).
8
Calculate 11 - 6 - (54 + -38).
-11
Calculate (26 - 23) + (-15 - (-11 - -6)).
-7
15 - ((3 - -4) + -2 + 3) - 1
6
Evaluate 1 - (-22 + 43 + -20).
0
Calculate 13 - (2 - (-11 + -2)).
-2
What is -8 - (-1 + -24 - (2 - (9 + -3)))?
13
What is the value of -1 - 26 - (-536 + 528 - (-5 - 1))?
-25
What is the value of 1 - (2 + (-9 - -15) + (-1 - -1))?
-7
396 + -374 - (-18 - -2)
38
What is -101 + 91 - (-15 - (-3 + 0 + 4))?
6
Calculate 1 + (2 - 3 - (10 + 1 + -8)).
-3
What is (-1 - 14) + 7 - -11 - 7?
-4
What is -15 + -3 + 3 - (-34 - -29)?
-10
-12 + 10 - -16 - (-2 + 50)
-34
(-1 - 2) + 13 + (-10 - 7) + -7
-14
What is -24 + 15 + -12 + 13 + 2 + 1?
-5
Calculate 0 - (8 + -5) - (-11 - -31 - 4).
-19
Calculate 17 + -1 - (2 - 2) - (527 + -522).
11
-9 + (-12 - -14 - 6 - -3)
-10
What is the value of (-30 - -23) + -4 + 2 + -4?
-13
What is the value of 17 - (-19 - (0 - 18))?
18
Calculate (9 - -6) + (69 - 79).
5
Calculate 19 - ((7 - 6) + -12 - -10).
20
What is -13 + 20 + (7 - 9)?
5
Calculate (-2 - -28) + (3 - (33 - (23 - 2))).
17
What is (-3 - -20) + -8 + -2 + -17?
-10
What is (4 - 2) + -6 - (9 - 8)?
-5
-5 - (9 + -22 + 15 - (6 - 10))
-11
What is the value of -12 + 13 + -1 + -2 + 7 - 5?
0
3 + -20 - (8 - 33)
8
Calculate 0 + -17 - (-117 + 70 + 52).
-22
Calculate 1 - (-73 + 75 + 1 + -4).
2
What is (-7 - 3 - -3) + (10 - 34 - -14)?
-17
Evaluate (-16 - -1) + 3 + 3.
-9
Calculate (-4 - -13) + -1 - (-5 + 10).
3
What is the value of 25 + (13 - 3 - (-15 + 35))?
15
Calculate -89 - -74 - ((5 - 3) + -13).
-4
Evaluate (-7 - (7 - 5)) + -6 - (4 + -5).
-14
Calculate 17 + 0 + 1 - (12 - 29 - -22).
13
Evaluate -6 - 7 - -7 - -7 - 9.
-8
What is -9 - (2 + -8) - 5 - -4?
-4
What is the value of 2 + (-13 + (5 - -8) - 18)?
-16
What is (-33 + 16 - -21) + (-3 - 1) - 10?
-10
Evaluate 3 + 5 - (-6 - (-10 + -5 + -2)).
-3
Evaluate 24 - (44 - 15 - -4).
-9
(5 - (-19 - -25)) + 12
11
0 + 10 + (3 - -12) + -18
7
Evaluate -1 + (-7 - -5) - 5 - 6.
-14
Evaluate (8 - -3) + (-147 - -168) + 3 + -2.
33
Evaluate 8 - (7 + 5) - (-23 - -18).
1
What is the value of 1 - (3 + -6) - (-10 + 3 - -8)?
3
Calculate (22 - -9) + -12 + 2 + -12.
9
What is 4 + (-34 - -68 - 14)?
24
3 + (2 + -4 - (-9 + (-2 - -5)))
7
6 + 1 - (2 - -10 - 3)
-2
What is the value of 0 - ((5 - 33 - (1 - 1)) + 2)?
26
Calculate -16 + 16 + 36 - 21.
15
What is the value of -5 + 10 + 0 - (-57 - -55)?
7
Evaluate 2 + 0 + 5 + (-19 - (-4 - -7)).
-15
What is the value of 9 + (-19 - (8 + -18))?
0
What is (-1 - -3) + 0 + -12 + (-608 - -613)?
-5
Calculate (3 - 2) + (-6 - (-7 + -1) - 14).
-11
What is the value of -4 + 24 + -106 + 62?
-24
Evaluate -19 + -4 + 19 - 8 - 7.
-19
What is 35 + (8 - 63) - 9?
-29
Evaluate -7 - (7 - (3 - 5) - 5).
-11
27 + -9 + 21 + -35
4
Evaluate (-9 - 1) + (-2 + 4 + -8 - -4).
-12
What is the value of 1 - (-8 - -5) - -9?
13
13 + -5 + (-5 - (-9 + 2 + -2))
12
What is 13 + 8 + -8 - 18?
-5
Evaluate 13 + 68 + -75 + -4 + -16.
-14
What is -10 - (-14 - (15 - 33))?
-14
10 + -41 + 21 - 8
-18
What is 23 + -5 + (-11 - 0) - 14?
-7
What is 9 - ((19 - (-19 + 21)) + 17)?
-25
Calculate 9 + (-28 - -10) + -6 + 8 - 9.
-16
Calculate -410 - -409 - (-1 + 35).
-35
-11 - 3 - (14 + -10 + (0 - 1))
-17
Calculate -13 + 8 + (-1 + -1 - 7 - 10).
-24
Evaluate 3 + -8 + 5 + -6 - (-13 - -10).
-3
Evaluate (-2267 - -2260) + (0 + -2 - 11).
-20
52 - (22 + -4) - 48
-14
-2 + 16 - (-14 - -21 - -2) - 1
4
What is 4 + 3 + (-10 - 0)?
-3
Evaluate -6 + (-3 - 3) + (26 - (3 - 6)).
17
Calculate 10 + (-7 + -2 + 7 - (5 - -1)).
2
Calculate -19 - ((20 - 9) + -45).
15
0 - (13 + -4 + 4 + 9)
-22
Evaluate (2 + -6 + 4 - -5) + -3.
2
Evaluate (0 + -13 - 19) + (1 - -2) + 3.
-26
What is the value of 19 + (-7 - 24 - -16) + 25?
29
Calculate 1 - 64 - (368 + -400).
-31
What is the value of -25 + 2 - (47 - 91 - -36)?
-15
Evaluate (25 - 32 - 6) + (3 - -1).
-9
Calculate -20 - ((13 + -2 - 14) + 9).
-26
What is 27 + (-16 - -35) + -18?
28
(-7 - -19) + (-10 - 17)
-15
Evaluate (10 + 3 + -12 - 13) + 0.
-12
What is -13 + 2 + -12 + 22 + 0?
-1
8 + -2 - (-23 + -4) - 17
16
Evaluate -13 - -14 - (-21 + 26).
-4
Evaluate -87 + 93 - (7 + -6).
5
Evaluate 5 + (-14 - -14) + (1 - 8).
-2
What is the value of -13 - (25 - -2 - (143 - 129))?
-26
Evaluate -2 - 0 - -1 - (-66 + (44 - -17)).
4
-4 + (8 - 9) - 1
-6
Evaluate 15 - 7 - 20 - (-6 + 1 + 0).
-7
What is the value of 7 + (-4 - (-5 - 2)) + 0?
10
Evaluate -38 + 36 + 32 + -8.
22
What is (-4 - -1 - -14) + -10?
1
Calculate 15 - (-8 + 12 - -4).
7
Evaluate 1 - -38 - (1499 + -1501).
41
What is 17 + (11 - 49 - -1) - -14?
-6
Calculate (-13 - -4) + (5 - 1) + 32.
27
Calculate (3 - -8) + 1 + (2 - 9) - 4.
1
4 + -13 + 2 + -3 + 2 + -4
-12
What is -19 - (0 + -15 + 7)?
-11
Evaluate -3 - (4 + -6) - -5 - -1.
5
What is (1 - (2 - (-6 + 0))) + 9?
2
Evaluate (-15 + 2 - (4 - (-3 - -16))) + 9.
5
What is 9 + 47 - (-125 - -145)?
36
Calculate (-2 - -6) + 6 + -4 + 10 + -2.
14
What is the value of -6 - (-21 - (-1 + 2 + -4 - -10))?
22
What is 8 - (14 + -5 + -3)?
2
What is 46 + -47 + (-1 - -3) + (14 - 3)?
12
Evaluate 1 + (-1 - (-4 + 0)) + -1 + 2.
5
What is the value of -5 - -2 - (-67 - -47)?
17
What is the value of -1 + (1 - (3 - (-2 + 10) - -2))?
3
What is -3 + 4 + (47 - 30) + 0 + 1?
19
What is 1 + -10 + 1 - (0 + -4)?
-4
Evaluate (-33 - -46) + (-7 - 3).
3
Evaluate -27 + (-19 - -20) + (-2 - -12).
-16
Evaluate 21 + (-2 - 5 - 2).
12
What is the value of 21 + -14 + -1 - (-2 + 1 + 1)?
6
What is -7 - -7 - -7 - ((-5 - 3) + 4)?
11
What is 37 + (-7 - -29 - 39)?
20
What is -8 - (12 - -4 - 8)?
-16
What is the value of (10 - 6) + -12 - -10?
2
Evaluate -31 + 10 + 13 + (-6 - -7 - 3).
-10
Evaluate (0 - 8) + (-3 + 3 - 24 - -15).
-17
Evaluate -25 - (5 - (32 - -2)).
4
Calculate 16 + -12 + 4 - 9.
-1
What is 8 + ((24 - 20) + 4 + -2 - 8)?
6
Calculate 14 + (3 - 0) + -20 + 18.
15
What is the value of -4 + (4 - (-9 - (-6 + -7)))?
-4
What is -4 + ((-6 - -1) + 12 + -8 - 11)?
-16
What is the value of -19 - (17 + (-8 - 16))?
-12
What is -38 - -5 - -11 - -7?
-15
What is -9 - (-1 + 3 + -17 + -692 + 694)?
4
-31 - (5 + -8 + -8)
-20
What is 6 + -6 + 9 + 2 + 1 + -4?
8
Calculate 9 + -9 + (2 